s = 3*g + 1. Let m = 49 + g. What is the tens digit of m?
5
Let z(p) be the third derivative of p**5/60 + p**4/12 - 5*p**3/6 + 4*p**2. Let l be z(-4). Suppose -l = -q - 2*q. What is the units digit of q?
1
Suppose 4*q - h + 34 = -3*h, -37 = 2*q + 5*h. Let b be (2/q)/((-2)/24). Suppose 84 + 94 = 5*z - b*o, 2*z - 91 = -5*o. What is the tens digit of z?
3
Let d = 88 - -34. Let u = 187 - d. What is the units digit of u?
5
Let w(u) = 11*u**2 + u**3 - 4 + 0 - 4*u - 11. Let f be w(-11). Suppose 2*m - 50 - f = -h, 116 = 3*m - h. What is the tens digit of m?
3
Suppose 0*y - 2*y = -336. What is the tens digit of y?
6
Let n(q) = 10*q**2 + 8*q - 5. Let f(g) = 3*g**3 + g + 5. Let s be f(0). What is the tens digit of n(s)?
8
What is the hundreds digit of (-229117)/(-142)*(-4)/(-7)?
9
Let c(z) = z**3 + 21*z**2 - 30*z - 20. What is the hundreds digit of c(-22)?
1
Suppose -4*p - 6 = -5*b + 1, 2*p = -3*b - 9. What is the tens digit of p/6 - 536/(-16)?
3
Let n(m) = -6*m**2 + 61*m - 154. Let y(k) = -k**2 + 12*k - 31. Let z(b) = -2*n(b) + 11*y(b). What is the units digit of z(-14)?
3
Let z be (-9)/24*-26*60. Suppose -3*r - 6*r = -z. What is the units digit of r?
5
Let j be (-38)/16 - 9/(-24). What is the tens digit of (j/2 - (-6 - -4))*26?
2
Suppose 0 = 12*a - 13*a + 3. Suppose a*y - 2*d = 24, 0*d + 24 = 5*y + 2*d. What is the units digit of y?
6
Let p(q) = 16*q + 13. Let s be p(2). Suppose 8*k = 3*k + s. What is the units digit of k?
9
Suppose -5*u + 7345 + 770 = 4*h, 0 = u - 2*h - 1623. What is the tens digit of u?
2
Suppose 0 = 45*t + 883 - 3088. Suppose -5*m - 3*o + 19 = 0, 4*o - 15 - 3 = -3*m. Let x = t + m. What is the tens digit of x?
5
Suppose 0*i - i + 5 = 0. Suppose 4*w + 236 = -4*v, 216 = -2*v + i*w + 70. Let z = -25 - v. What is the tens digit of z?
3
Let i = 69 + -34. What is the tens digit of i?
3
Let r(t) be the second derivative of -3*t**5/5 - t**4/12 + t**3/2 + t**2 - 22*t. What is the units digit of r(-2)?
8
Let u = 51 + -46. Suppose 5*j + 6*i - 1556 = 2*i, u*j + i - 1559 = 0. What is the tens digit of j?
1
Suppose -m = -3*m + 4. Suppose 4*k - 26 = -m*y, 2*y - k + 15 = 61. What is the units digit of 9/y - (-22)/14?
2
Let l be 128/4*(-1)/(-2). Let j be 36/21 + 2/7. Suppose -2*n + 4*b + l = 0, n + 3*n + j*b - 62 = 0. What is the units digit of n?
4
Suppose 7*v + v = 832. Let u = 3 + v. What is the tens digit of u?
0
Let h = 1443 + -607. What is the units digit of h?
6
What is the units digit of (8 + -2 + 8187)/(3/1)?
1
Suppose 5*i = 5*t + 425, 5*i - 535 = -4*t - 128. Suppose 0 = r + 3*r, -k + 5*r = -3. Suppose k*u - i = 79. What is the units digit of u?
4
Let c(t) = 11*t - 98. What is the units digit of c(19)?
1
Suppose -8 = 3*q + 13. Let i(b) = b**2 + 2*b - 6. What is the tens digit of i(q)?
2
Let f = 12 + 8. What is the units digit of f?
0
Suppose -i = s - 8 - 0, -5*i = s - 12. Let j(z) = z**3 - 5*z**2 + 2*z - 7. What is the units digit of j(s)?
5
Let z be (-33)/(-18) - (-5)/30. Suppose 2*h - 3*h - 4*q = -16, -h - 14 = -z*q. What is the tens digit of (108/(-8))/(2/h)?
2
Let l(k) = -k**2 + 14*k - 40. Let z be l(16). Let j be -1 - 3/((-6)/(-46)). Let v = j - z. What is the units digit of v?
8
Let n be 1/(-6) + 125/30. Suppose 2*g + 2*y - 750 = -g, -g + 250 = n*y. What is the hundreds digit of g?
2
Suppose -2 = 2*q + 12. Let p(o) = -o**3 - 8*o**2 - 7*o + 10. Let r be p(q). Let u(y) = 5*y - 15. What is the units digit of u(r)?
5
Let u(w) = 2*w**2 + 61*w + 38. What is the hundreds digit of u(25)?
8
Suppose 0*r - r = -4*c + 247, 0 = 3*c - 2*r - 189. Suppose 14*u + c = 789. What is the units digit of u?
2
Let u be 113 - (4 + -1 + -1). Let i = 295 - u. What is the units digit of i?
4
Let d(b) = 5*b + 17. Let f be d(-4). Let p(k) be the second derivative of -k**5/20 + k**4/6 + 2*k**3/3 + 3*k**2/2 - k. What is the tens digit of p(f)?
3
Suppose 0 = -15*p + 20*p - 565. What is the units digit of p?
3
Let i be 3*-1*(3 - 2). Let t = 0 + i. Let k = t + 22. What is the units digit of k?
9
Let r(m) = m**3 - 15*m**2 + 12*m + 36. Let g be r(15). What is the units digit of (g/(-20))/(6/(-90))?
2
Let b be (-312)/18*(-18)/4. Suppose -388 = -5*r - b. What is the tens digit of r?
6
Suppose 0 = 3*l - 5 - 64. Suppose 4*j + 241 = -l. What is the units digit of (j/18)/((-1)/3)?
1
Let i(f) = 4*f**2 + 11*f + 22. Let n(w) = 3*w + 5. Let j be n(-4). What is the hundreds digit of i(j)?
1
Let q be (12/5)/((-4)/30). What is the tens digit of 282/3*q/(-12)?
4
Let o(f) = -1 + 0 - 3 + 7 - 4*f. What is the units digit of o(-8)?
5
Suppose j - 2873 = -5*w, w - j = 5*w - 2299. What is the tens digit of w?
7
Let p(y) = 3*y**3 - 27*y**2 - 25*y - 26. What is the tens digit of p(15)?
4
Suppose -5*a = -3*a + 10. What is the tens digit of 57*a*3/(-15)?
5
Let q be -155*((-6)/(-6))/(2/(-2)). Suppose -10*w - q = -15*w. What is the tens digit of w?
3
Let z(j) = 15*j**3 - 10*j**2 + 4. What is the units digit of z(5)?
9
Suppose -39*j = -35*j - 328. Suppose 3*p - 32 = 2*h + 199, h - j = -p. What is the tens digit of p?
7
Let y(w) = -2*w + 26. Let t be y(-20). Suppose -65*b = -t*b + 113. What is the tens digit of b?
1
Let n = 94 + 98. What is the hundreds digit of n?
1
Let h be 3 + 34 + 2 + 1. Let r(i) = -i**3 + i**2 - 2. Let j be r(-4). Let y = j - h. What is the units digit of y?
8
Let p = 294 - 84. Suppose -4*q + 2*g - 3*g = -198, -p = -4*q + 5*g. What is the tens digit of q?
5
Let x(q) = -2*q + 14. Let p be x(7). Suppose 4*n - 59 = -r, -44 = -p*r - r + n. What is the tens digit of r?
4
Let s = -19 - -22. Let a = s - -24. What is the tens digit of a?
2
Suppose 0 = 2*a - 3*v - 2211, 4*v + 3023 = 4*a - 1397. What is the tens digit of a?
0
Suppose n - 4 = -2*h, n + 0 = 2*h - 4. Suppose -3*f + 39 = u, h*f - 8 = -2*f. Let z = 59 - u. What is the tens digit of z?
2
Let q(k) = 2*k**2 + 5*k. Let c(o) = -o**2 - 6*o. Let p(f) = 3*c(f) + 4*q(f). Let x be 3/(-4 - (-10)/4). What is the tens digit of p(x)?
1
Suppose 5*n - 8892 = -2*x, 4932 = 4*n + 3*x - 2183. What is the hundreds digit of n?
7
Suppose -u - 3*k = -0*u + 6, -2*u - 9 = 3*k. Suppose -5*i = -0*i - 30. What is the units digit of (i + u)*(-4)/(-6)?
2
Let q(h) = -3*h**3 - 21*h**2 - 112*h - 25. What is the tens digit of q(-11)?
5
What is the tens digit of (-3728)/12*(7 - 10)?
3
Let g = 577 + -283. What is the tens digit of g?
9
Let c be 1513/6 - ((-55)/30 + 2). Suppose 234 = 3*a + t, -4*a + a + 5*t = -c. What is the tens digit of a?
7
Let q(x) = 3*x - 7. Let a be q(10). Let t = -14 + a. What is the units digit of t?
9
Let p = 134 + -132. Suppose -205 = -p*x + 17. What is the tens digit of x?
1
Let v(w) = w**3 - w**2 + 3*w + 3. Let d(p) = -2*p - 4. Let x be d(-6). Let o = x - 5. What is the units digit of v(o)?
0
Let l(y) = -1 + 0 - y + 3. Let r be l(6). What is the units digit of (r + 1)*(1 + -2)?
3
Suppose -7*h = -3*h + 344. Let v = h - -210. What is the hundreds digit of v?
1
Suppose d = 4*l - 7499, 4258 - 513 = 2*l - 5*d. What is the units digit of l?
5
Let q(o) = o**3 + 6*o**2 - 3*o + 22. What is the tens digit of q(13)?
9
Let o = -123 + 216. Suppose -o = 2*r + r. What is the units digit of (-6)/(r/14 + 2)?
8
Let i(g) = 18 - g + 1 + 39 + 2*g. What is the units digit of i(-21)?
7
Let a = -161 - -157. What is the hundreds digit of (-200)/(-2 + a + 5)?
2
Let j(r) be the third derivative of r**6/120 + r**5/10 + 2*r**3/3 - 3*r**2. What is the tens digit of j(-5)?
2
Suppose -120 - 576 = 4*s. What is the tens digit of 4/2*s/(-12)?
2
Let v = 3 - -2. Suppose -u + 35 = v*s + 3*u, 5*s = -3*u + 30. Suppose -s*w + 4*w = 22. What is the tens digit of w?
2
Let n = -30 + -68. What is the tens digit of 4 + 1/(-2)*n?
5
Suppose t = 6*t. Suppose t = 4*c + 10 - 242. Suppose 0 = -3*r + 2 + c. What is the units digit of r?
0
Let t be (0 - 1) + 3370/(-10). Let f = -195 - t. Let v = -96 + f. What is the units digit of v?
7
Let x = -123 - -212. Suppose -x = -4*t - 13. What is the units digit of t?
9
Suppose -16*v - 4835 + 16899 = 0. What is the tens digit of v?
5
Let o(i) be the third derivative of i**5/30 - i**4/12 - 4*i**3/3 - 2*i**2 - 5. Suppose 5*l = 3*y - 22, l + 24 = 5*y - l. What is the tens digit of o(y)?
1
Suppose 63 = -33*g + 30*g. Let k = 32 + g. Suppose 0 = -7*n + k*n - 264. What is the tens digit of n?
6
Suppose 10*v = -10*v + 7660. What is the hundreds digi